 of 736311?
7
What is the thousands digit of 1455563?
5
What is the tens digit of 751013?
1
What is the thousands digit of 527008?
7
What is the ten thousands digit of 1142306?
4
What is the thousands digit of 423353?
3
What is the units digit of 9722133?
3
What is the tens digit of 16629928?
2
What is the tens digit of 851862?
6
What is the hundreds digit of 5480812?
8
What is the hundred thousands digit of 6018359?
0
What is the ten millions digit of 10263138?
1
What is the hundreds digit of 1459965?
9
What is the hundreds digit of 3088312?
3
What is the thousands digit of 17721554?
1
What is the ten thousands digit of 102133?
0
What is the ten millions digit of 15962345?
1
What is the hundred thousands digit of 23922389?
9
What is the tens digit of 369801?
0
What is the ten thousands digit of 3191803?
9
What is the hundreds digit of 24382869?
8
What is the thousands digit of 698480?
8
What is the hundred thousands digit of 117643?
1
What is the tens digit of 1005809?
0
What is the ten thousands digit of 567089?
6
What is the thousands digit of 539824?
9
What is the hundreds digit of 2320831?
8
What is the ten thousands digit of 1051720?
5
What is the millions digit of 1005763?
1
What is the millions digit of 32224284?
2
What is the hundreds digit of 5671459?
4
What is the thousands digit of 211223?
1
What is the tens digit of 30907851?
5
What is the ten thousands digit of 463294?
6
What is the hundreds digit of 5846981?
9
What is the thousands digit of 15099745?
9
What is the hundreds digit of 242619?
6
What is the units digit of 2264977?
7
What is the tens digit of 772007?
0
What is the hundred thousands digit of 277672?
2
What is the units digit of 261858?
8
What is the hundreds digit of 2912709?
7
What is the tens digit of 4063949?
4
What is the hundred thousands digit of 10899672?
8
What is the units digit of 114078?
8
What is the ten thousands digit of 7519558?
1
What is the units digit of 4263841?
1
What is the units digit of 10636925?
5
What is the millions digit of 21957697?
1
What is the thousands digit of 43759691?
9
What is the tens digit of 2945699?
9
What is the ten thousands digit of 14257?
1
What is the units digit of 31322?
2
What is the units digit of 640087?
7
What is the tens digit of 530283?
8
What is the hundred thousands digit of 8031932?
0
What is the ten thousands digit of 1133777?
3
What is the hundreds digit of 4976954?
9
What is the hundred thousands digit of 257853?
2
What is the units digit of 18469878?
8
What is the hundreds digit of 147916?
9
What is the hundred thousands digit of 677171?
6
What is the ten thousands digit of 30626?
3
What is the hundreds digit of 188007?
0
What is the hundred thousands digit of 2047836?
0
What is the tens digit of 34234111?
1
What is the hundred thousands digit of 147324?
1
What is the tens digit of 1038947?
4
What is the units digit of 15806794?
4
What is the tens digit of 188183?
8
What is the units digit of 8714896?
6
What is the hundred thousands digit of 9398926?
3
What is the hundred thousands digit of 1287140?
2
What is the hundred thousands digit of 226162?
2
What is the ten thousands digit of 15443074?
4
What is the hundreds digit of 2188594?
5
What is the hundreds digit of 3007946?
9
What is the ten millions digit of 20389706?
2
What is the ten thousands digit of 286975?
8
What is the millions digit of 2773299?
2
What is the thousands digit of 9677354?
7
What is the tens digit of 9167622?
2
What is the units digit of 7173235?
5
What is the thousands digit of 203801?
3
What is the ten millions digit of 36455624?
3
What is the thousands digit of 385970?
5
What is the tens digit of 1013820?
2
What is the ten thousands digit of 4042120?
4
What is the thousands digit of 2376026?
6
What is the thousands digit of 1664229?
4
What is the hundred thousands digit of 654795?
6
What is the units digit of 394616?
6
What is the hundreds digit of 391066?
0
What is the hundred thousands digit of 519037?
5
What is the units digit of 5653662?
2
What is the hundreds digit of 1172785?
7
What is the thousands digit of 219553?
9
What is the hundreds digit of 1229010?
0
What is the hundreds digit of 873646?
6
What is the ten thousands digit of 19084535?
8
What is the hundreds digit of 981154?
1
What is the hundreds digit of 253277?
2
What is the millions digit of 9974046?
9
What is the units digit of 2454453?
3
What is the millions digit of 5718982?
5
What is the hundreds digit of 2500448?
4
What is the tens digit of 360373?
7
What is the tens digit of 173654?
5
What is the tens digit of 14937115?
1
What is the tens digit of 154804?
0
What is the hundred thousands digit of 9918473?
9
What is the tens digit of 6508212?
1
What is the tens digit of 3878471?
7
What is the hundred thousands digit of 2689946?
6
What is the tens digit of 28932?
3
What is the hundreds digit of 4537402?
4
What is the ten thousands digit of 322586?
2
What is the thousands digit of 708218?
8
What is the units digit of 183629?
9
What is the hundreds digit of 380860?
8
What is the ten thousands digit of 17575?
1
What is the units digit of 105609?
9
What is the tens digit of 3796357?
5
What is the hundred thousands digit of 160225?
1
What is the units digit of 237398?
8
What is the ten millions digit of 22604522?
2
What is the hundred thousands digit of 3972939?
9
What is the thousands digit of 950287?
0
What is the units digit of 10981038?
8
What is the hundred thousands digit of 1493531?
4
What is the ten thousands digit of 6987273?
8
What is the ten thousands digit of 52601?
5
What is the hundred thousands digit of 1853241?
8
What is the hundreds digit of 3858092?
0
What is the units digit of 7744958?
8
What is the hundred thousands digit of 311720?
3
What is the thousands digit of 1254609?
4
What is the units digit of 493758?
8
What is the hundreds digit of 1121446?
4
What is the millions digit of 4833004?
4
What is the thousands digit of 1375199?
5
What is the hundred thousands digit of 359770?
3
What is the hundreds digit of 40269688?
6
What is the hundreds digit of 10205809?
8
What is the tens digit of 3618248?
4
What is the ten thousands digit of 6801298?
0
What is the ten thousands digit of 1356136?
5
What is the hundred thousands digit of 4565508?
5
What is the ten thousands digit of 1023366?
2
What is the hundreds digit of 6013496?
4
What is the hundreds digit of 186041?
0
What is the thousands digit of 349811?
9
What is the ten thousands digit of 200431?
0
What is the hundreds digit of 34305?
3
What is the tens digit of 19915061?
6
What is the hundred thousands digit of 261378?
2
What is the ten thousands digit of 217911?
1
What is the tens digit of 854520?
2
What is the hundred thousands digit of 506062?
5
What is the millions digit of 2293651?
2
What is the thousands digit of 290215?
0
What is the millions digit of 1039564?
1
What is the ten thousands digit of 479332?
7
What is the hundred thousands digit of 1005395?
0
What is the hundreds digit of 28724636?
6
What is the hundred thousands digit of 3393964?
3
What is the thousands digit of 1886317?
6
What is the hundred thousands digit of 2137533?
1
What is the units digit of 405984?
4
What is the hundred thousands digit of 27387249?
3
What is the units digit of 3589775?
5
What is the hundreds digit of 45172278?
2
What is the tens digit of 24038341?
4
What is the units digit of 2420967?
7
What is the tens digit of 363535?
3
What is the units digit of 31816526?
6
What is the units digit of 266713?
3
What is the tens digit of 2208754?
5
What is the units digit of 917623?
3
What is the thousands digit of 2581857?
1
What is the ten thousands digit of 3306975?
0
What is the units digit of 3537243?
3
What is the hundreds digit of 3524040?
0
What is the thousands digit of 1637673?
7
What is the ten thousands digit of 5593647?
9
What is the ten thousands digit of 13535?
1
What is the thousands digit of 349939?
9
What is the hundred thousands digit of 1893334?
8
What is the units digit of 2825573?
3
What is the millions digit of 1814967?
1
What is the thousands digit of 727813?
7
What is the ten thousands digit of 252310?
5
What is the hundred thousands digit of 585873?
5
What is the tens digit of 226783?
8
What is the tens digit of 17268118?
1
What is the thou